*q**2 + 30*q - 4. What is i(-11)?
-92
Let q(s) = 2*s**3 + 43*s**2 - 40*s - 55. Calculate q(-22).
341
Let t(l) = 80*l**2 + 1692*l - 13029. Calculate t(6).
3
Let y(r) = r**3 + 15*r**2 + 18*r + 278. What is y(-15)?
8
Let v(n) = 43593*n + 304951. Calculate v(-7).
-200
Let t(o) = 43697*o - 1747888. Give t(40).
-8
Let s(b) = -8*b**3 - 33*b**2 + 4*b + 292. Calculate s(-6).
808
Let y(i) = i**3 + 104*i**2 - 206*i + 494. Calculate y(-106).
-142
Let p(x) = -x**3 + 104*x**2 + 135*x + 8159. Determine p(106).
-3
Let q(m) = 8930*m - 62531. Calculate q(7).
-21
Let b(c) = -110*c**3 + 4*c**2 - 8*c + 13. Calculate b(2).
-867
Let k(r) = -103*r - 9447. Give k(-93).
132
Let z(k) = -k**3 - 225*k**2 - 33*k - 7953. Calculate z(-225).
-528
Let c(f) = -f**2 - 27270*f + 4664797. Calculate c(170).
-3
Let z(v) = 27737*v + 1054010. Give z(-38).
4
Let c(r) = r**2 + 66*r - 144. What is c(-65)?
-209
Let h(w) = w**2 - 719*w - 30078. What is h(-40)?
282
Let m(j) = j**3 - 72*j**2 - 191*j - 2431. Calculate m(75).
119
Let y(n) = -n**3 + 42*n**2 - 425*n - 252. What is y(25)?
-252
Let z(c) = -4*c**2 - 21934*c - 109671. What is z(-5)?
-101
Let x(c) = c**2 + 77*c + 750. Calculate x(-12).
-30
Let o(m) = 42354*m - 84512. Determine o(2).
196
Let y(q) = q**3 + q**2 - 41*q - 2983. Give y(15).
2
Let o(d) = 52771*d - 263803. What is o(5)?
52
Let h(l) = -l**3 + 33*l**2 + 9325*l - 317027. What is h(34)?
-1133
Let b(d) = -d**3 + 111*d**2 + 451*d + 928. What is b(115)?
-107
Let y(d) = d**3 - 244*d**2 + 1009*d - 11755. Give y(240).
5
Let l(r) = r**2 + 369*r - 93694. Calculate l(-542).
72
Let r(g) = -g**2 - 161*g - 343. What is r(6)?
-1345
Let h(v) = v**2 + 826*v - 14299. Determine h(17).
32
Let z(j) = -j**3 - 137*j**2 + 98*j - 1649. Calculate z(-138).
3871
Let k(g) = -228*g - 118898. What is k(-522)?
118
Let i(c) = -c**2 + 43*c + 9214. Determine i(117).
556
Let c(o) = -215*o - 2471. Determine c(-10).
-321
Let a(l) = -1058183*l - 3174555. Give a(-3).
-6
Let v(u) = 2*u**3 + 423*u**2 - 1045*u + 5359. Calculate v(-214).
9
Let p(l) = l**3 - 6*l**2 - 2193*l - 346. Determine p(50).
4
Let s(x) = -3514*x - 151086. Determine s(-43).
16
Let s(d) = -805*d - 3987. What is s(-5)?
38
Let i(r) = -80789*r + 6786258. Calculate i(84).
-18
Let z(l) = -996*l**3 - 9960*l**2 + 11*l + 109. Calculate z(-10).
-1
Let x(n) = -54667*n - 546666. What is x(-10)?
4
Let g(h) = h**2 + 70*h + 140. Give g(-2).
4
Let y(z) = -z**3 - 802*z**2 + 2394*z - 16822. Calculate y(-805).
83
Let j(v) = -9*v**3 - 270*v**2 - 257*v + 83. Give j(-29).
-33
Let h(p) = 83*p**2 - 8620*p - 1257. Calculate h(104).
-9
Let q(u) = -3003*u + 111129. Give q(37).
18
Let f(p) = 2*p**2 + 82*p - 9927. Give f(-94).
37
Let s(k) = -257*k**2 - 482*k - 99. Determine s(-2).
-163
Let z(b) = -162*b - 25377. Give z(-156).
-105
Let f(n) = 922*n - 145306. Give f(158).
370
Let o(z) = -15*z**2 + 5847*z - 51423. What is o(9)?
-15
Let i(x) = -x**2 + 1045*x - 61712. What is i(62)?
-766
Let s(a) = 30*a**2 - 629*a + 6. Determine s(20).
-574
Let p(o) = 42471*o - 4671823. Calculate p(110).
-13
Let q(y) = -7010*y + 757083. Calculate q(108).
3
Let x(j) = 23651*j - 756841. Calculate x(32).
-9
Let o(m) = -m**2 - 196456*m + 2357619. What is o(12)?
3
Let o(l) = -11*l**3 - 136*l**2 - 45*l + 39. Determine o(-12).
3
Let w(p) = -3*p**3 - 401*p**2 - 2118*p + 7483. Calculate w(-128).
59
Let u(r) = -21791*r**2 - 87157*r + 34. Give u(-4).
6
Let a(l) = -7*l**3 - 270*l**2 - 1471*l + 16. Give a(-32).
-16
Let x(u) = 2*u**3 - 2*u**2 + 13*u - 4. Give x(-5).
-369
Let x(f) = 296523*f - 20163560. Determine x(68).
4
Let h(j) = -78*j**2 - 51*j - 72. Determine h(-1).
-99
Let w(t) = -344*t**2 - 262*t + 515. Determine w(2).
-1385
Let c(s) = 56*s - 162. Give c(-1).
-218
Let q(n) = 29698*n - 178418. Determine q(6).
-230
Let h(k) = -3*k**2 + 5578*k + 435288. Determine h(-75).
63
Let a(s) = -4026*s - 14256. Calculate a(-4).
1848
Let q(d) = 305*d**3 - 4*d**2 + 13*d - 10. Calculate q(1).
304
Let x(n) = -3434*n + 35270. Give x(10).
930
Let z(u) = -u**3 - 161*u**2 + 492*u - 220. Give z(-164).
-220
Let m(a) = a**3 + 54*a**2 + 100*a - 3170. What is m(-51)?
-467
Let g(p) = -6*p**2 + 928*p + 4538. What is g(-5)?
-252
Let g(b) = -4555*b + 1708122. Calculate g(375).
-3
Let n(z) = 63041*z - 3467222. What is n(55)?
33
Let h(p) = -4*p**2 - 392*p - 1025. What is h(-95)?
115
Let f(n) = -145*n**3 - 7977*n**2 - 97*n + 710. Give f(-55).
-5
Let k(u) = -u**2 + 71*u - 373. Calculate k(36).
887
Let k(o) = 12446*o - 460490. Calculate k(37).
12
Let x(w) = -1945*w - 130224. Calculate x(-67).
91
Let l(w) = 243*w - 29957. What is l(122)?
-311
Let w(m) = 164*m**2 - 1964*m + 10. Give w(12).
58
Let g(t) = -75*t**2 - 10869*t + 800. Give g(-145).
-70
Let h(k) = -1250*k**3 - k**2 + 15*k - 15. Give h(1).
-1251
Let r(u) = 440742*u + 3085219. Determine r(-7).
25
Let t(q) = 2*q**3 + 19*q**2 + 42*q + 71. Determine t(-8).
-73
Let r(n) = 2*n**2 - 134*n - 1223. Give r(-9).
145
Let x(n) = n**3 - 9*n**2 - 261*n + 777. What is x(3)?
-60
Let s(x) = -x**2 + 250*x + 5590. Determine s(-21).
-101
Let q(s) = 71507*s + 3146307. Determine q(-44).
-1
Let a(i) = 27*i**3 - 184*i**2 - 10*i + 3. Calculate a(5).
-1272
Let w(d) = -221*d**2 + 106305*d - 814. Give w(481).
1110
Let c(x) = 2862*x + 5783. Determine c(-2).
59
Let o(l) = 3*l**2 + 110*l - 7688. What is o(-70)?
-688
Let m(r) = -528*r + 2737. What is m(5)?
97
Let f(a) = -2639*a + 106115. Give f(40).
555
Let a(h) = 12*h**2 + 1675*h - 9961. Determine a(6).
521
Let m(c) = 619024*c + 9904391. Determine m(-16).
7
Let x(w) = -2*w**2 + 348*w + 79938. What is x(-131)?
28
Let h(j) = -j**3 - 128*j**2 - 238*j + 2138. What is h(-126)?
374
Let u(y) = -3*y**2 + 420*y - 2542. Give u(6).
-130
Let k(c) = 3*c**3 + 13*c**2 - 42*c - 191. Give k(-4).
-7
Let w(q) = 37757*q**2 + 415330*q + 27. What is w(-11)?
-6
Let j(g) = -8*g**2 - 537*g + 2673. What is j(5)?
-212
Let u(p) = 4*p**3 - 737*p**2 - 457*p - 18121. Determine u(185).
9
Let q(c) = -c**3 - 11*c**2 - 4460*c + 13453. What is q(3)?
-53
Let l(w) = 5*w**2 - 1465*w - 10494. What is l(300)?
6
Let s(l) = -2*l**3 - 633*l**2 + 935*l - 5759. Determine s(-318).
283
Let o(k) = k**3 - 44*k**2 - 39*k + 686. Determine o(45).
956
Let j(o) = -4*o**2 + 184*o + 2139. What is j(-13)?
-929
Let q(x) = -18*x**2 - 413*x - 543. Calculate q(-21).
192
Let h(g) = -g**3 - 157*g**2 + 2399*g + 854. What is h(-171)?
-1
Let c(s) = -s**3 + 19*s**2 - 133*s + 2060. Determine c(18).
-10
Let r(j) = 5*j + 93. What is r(-32)?
-67
Let j(s) = s**3 + 65*s**2 + 123*s - 478. Calculate j(-63).
-289
Let g(j) = -1717891*j - 65279862. What is g(-38)?
-4
Let q(k) = -392*k**2 - 865*k - 162. What is q(-2)?
0
Let b(j) = -6452*j - 458101. Calculate b(-71).
-9
Let v(y) = 3*y**2 + 678*y + 14575. Determine v(-24).
31
Let f(i) = -5*i + 1174. Calculate f(-16).
1254
Let v(b) = -2*b**3 - 20*b**2 - 770*b - 9461. Determine v(-12).
355
Let k(y) = 2*y**2 - 198*y - 4462. Calculate k(118).
22
Let q(f) = 6*f**2 + 5766*f + 151299. Calculate q(-27).
-9
Let f(u) = u**3 - 126*u**2 + 1559*u + 134. Determine f(112).
-874
Let m(d) = -d**3 - 57*d**2 + 326*d + 4998. Calculate m(-61).
-4
Let y(a) = -118923*a + 11654472. Determine y(98).
18
Let n(y) = 621*y + 25466. What is n(-41)?
5
Let k(u) = -497*u + 3104. What is k(4)?
1116
Let c(v) = 51640*v - 1136098. Determine c(22).
-18
Let u(x) = x**2 + 47001*x - 94005. Determine u(2).
1
Let k(m) = -7*m**2 + 2874*m - 8697. Calculate k(3).
-138
Let v(i) = 1019*i + 20677. Determine v(-22).
-1741
Let c(p) = -5*p**3 - 22*p**2 - 64*p - 674. What is c(-11)?
4023
Let z(l) = 12*l - 77. Calculate z(5).
-17
Let s(t) = 79*t**2 - 935*t - 64. What is s(11)?
-790
Let w(x) = -746*x + 7332. Calculate w(6).
2856
Let z(u) = -298391*u - 17903449. What is z(-60)?
11
Let q(r) = 2*r**3 + r**2 - 115*r + 2. What is q(0)?
2
Let h(s) = 123254*s + 3. Calculate h(0).
3
Let p(q) = 428*q**2 - 270500*q + 2498. What is p(632)?
-30
Let g(z) = -453*z - 3213. Give g(-18).
4941
Let i(y) = -15*y**3 - 77*y**2 + 17*y + 27. What is i(-5)?
-108
Let h(s) = 1178*s + 293. Give h(-2).
-2063
Let j(p) = -499*p**2 - 314873*p - 2546. What is j(-631)?
-22
Let a(l) = l**2 - 11910*l - 119130. What is a(-10)?
70
Let i(b) = 112*b**2 + 580*b + 526. Calculate i(-4).
-2
Let d(f) = 10*f**3 - 2*f**2 - 61*f - 153. Give d(-3).
-258
Let g(r) = r**3 + 63*r**2 - 3*r + 3915.